 derivative of q(l). Give i(y).
-7
Let o(j) = -8*j**3 - 34*j**2 + j + 39. Let z(p) = -3*p**3 - 17*p**2 + 20. Let d(f) = 2*o(f) - 5*z(f). Give d(17).
12
Let b(j) be the second derivative of j**3/6 + 8*j**2 - 4730*j. Give b(-8).
8
Let g(f) = -7*f**3 + 18*f**2 + 23*f + 37. Let a(b) = 3*b**3 - 9*b**2 - 11*b - 18. Let w(m) = 9*a(m) + 4*g(m). What is w(-9)?
49
Let g(k) = -17*k**3 + k**2 + 5*k - 1. Let u(m) = -2*m**3 + m - 6. Let h(v) = g(v) - 8*u(v). Give h(0).
47
Let o(p) be the first derivative of 11*p**3/3 + p**2/2 - 2*p - 1457. What is o(-1)?
8
Let l(t) = -4*t - 9. Let s be (7 - 10 - -2)*-40. Suppose 11*w + 117 = s. Give l(w).
19
Let x(i) be the third derivative of -i**5/30 - 11*i**4/8 - 5*i**3/3 + 4569*i**2. Determine x(-18).
-64
Let t be (-56)/(-24) + 2/(-6). Let r(z) be the third derivative of -z**4/8 + 5*z**3/6 + 16*z**2 - 3. Determine r(t).
-1
Let l be (-39)/6 + 6/(-4). Let g(p) = 10 + 102*p - 203*p + 102*p. Give g(l).
2
Let x(r) be the third derivative of -r**5/60 - r**4/4 + 5*r**3/6 - 2171*r**2. Give x(-4).
13
Let w(j) = -j**2 - 16*j - 8. Let i(g) = 11*g**2 + 180*g + 86. Let p(d) = -2*i(d) - 23*w(d). Calculate p(8).
140
Let t(c) = c + 9. Let a be t(-6). Let b = -535 - -535. Suppose o - a + 8 = b. Let m(h) = h + 1. Calculate m(o).
-4
Let p(x) = -92*x - 2454 - 2479 + 4932. Give p(-1).
91
Let m(c) = 3*c**2 - 2*c - 2. Let s = 185 + -420. Let i = s - -237. Give m(i).
6
Let l(o) = 11*o + 2. Let t be ((-8)/(-32))/((-6)/(-24)). Suppose 0 = 4*u + 2*f, -4*u - t = -4*f - 13. Give l(u).
13
Let c(q) = -26*q. Suppose -6*u = -47 + 35. Suppose -5*z - u*i + 241 = 2*i, 4*z - 4*i - 164 = 0. Suppose 0 = -3*n - 48 + z. What is c(n)?
26
Let q(r) = -r**2 + 8*r + 7. Let u = 9504 - 9509. Calculate q(u).
-58
Let u(o) = -o**2 - o - 1. Let b(r) = 9*r**2 + 7*r + 7. Let w(i) = -5*b(i) - 40*u(i). Determine w(-4).
-95
Let d(t) = t**2 - 5*t - 8. Let r be d(6). Let b(y) = y**3 - y**2 - y + 2. Let p be b(0). Let j(z) = 3*z - 5*z + 5*z**2 - 4*z**p - 2*z**2 + 1. Give j(r).
1
Let k(m) = -3*m**2 + 10*m + 2*m**2 - 115 + 26 + 97. Calculate k(6).
32
Let v(p) be the second derivative of -1/2*p**2 + 0 - p - p**3. Let n = -321 + 322. Calculate v(n).
-7
Let i(d) = -2*d - 1. Suppose -1 - 21 = 11*u. Let t be 2 + (-7)/14 + 5/u. Give i(t).
1
Let u = -12 + 6. Let b(h) be the third derivative of 0 - 8*h - 2*h**2 + 0*h**3 + 1/12*h**4. Calculate b(u).
-12
Let z = 174 + -174. Suppose 24 = -z*r + 6*r. Let b(l) = -l**2 + 3*l + 4. Calculate b(r).
0
Let i(h) = 12*h + 36. Let c(f) = -f - 2. Let o(g) = -40*c(g) - 4*i(g). Calculate o(-5).
-24
Suppose -4*n - 95 + 107 = 0. Let j(v) = 5 - n - 3 + v + 7. Determine j(-11).
-5
Let i(r) = -3*r - 83. Let l be -7 + -1*3*(19 - 256/24). Calculate i(l).
13
Let o(k) = k**2 - 7*k. Let c(v) = -v**3 - 3*v**2 + 7*v - 28. Let q(i) = i - 1. Let z(j) = -c(j) + q(j). Let s be z(-5). Give o(s).
0
Let n(f) = -2*f - 1. Let b be -2*2 + (-42)/7. Let w(o) = -o**3 - 9*o**2 + 10*o + 1. Let j be w(b). Suppose -2*g - 9 = j. What is n(g)?
9
Let b(q) = q + 1. Suppose g - o = 3*o - 61, -5*o = 2*g + 174. Let k = -74 - g. Suppose -s - k*s + 4*h + 16 = 0, -5*s + h = 0. Give b(s).
0
Let f = -95 - -96. Let x(n) = -17*n + 3. Let p(k) = 2*k - 1. Let i(v) = f*x(v) + 2*p(v). Determine i(2).
-25
Let i(q) = -97 + 201 + 77*q - 71*q - 103. Give i(1).
7
Let f = 69 + -48. Let h = -182 + 197. Suppose -f + h = d. Let m(a) = -a**3 - 6*a**2 + 2*a + 1. Calculate m(d).
-11
Let c(h) = h**3 - 31*h - 25. Let b be ((-63)/(-6))/7 - 441/(-98). What is c(b)?
5
Let b = 95 + -91. Suppose -b*k = p - 12, 0 = -4*k + 6 + 6. Let t be ((-22)/(-66))/((-2)/30 + p). Let y(j) = j + 7. What is y(t)?
2
Let g = -1349/2 - -675. Let w(f) be the third derivative of 0 + 0*f - g*f**3 + 1/8*f**4 + 30*f**2. Determine w(3).
6
Let x(f) = -f - 5. Let i(s) = -s**2 - 12*s + 41. Let v be 2/(-36)*-3 + 182/(-12). Let k be i(v). Determine x(k).
-1
Suppose 3*a = 5*p - 46, 4*p + 4*a - 237 + 213 = 0. Let s(r) = 2 + 2 - r - 3 + 3. Determine s(p).
-4
Let n(r) = 692*r + 3468. Let k be n(-5). Let d(j) = j**3 - 7*j**2 - 10*j + 29. Calculate d(k).
13
Let q(k) = -74*k - 3031. Let z be q(-41). Let x(n) be the second derivative of 3/4*n**4 + 0 + 17*n - 1/20*n**5 - 7/6*n**3 - z*n**2. Determine x(8).
2
Suppose -2 = -2*t, 4 = 2*m + 3*t - 5. Suppose m*j = -j + 32. Let o(l) = 5*l**2 + 2*l - j*l - 4*l**2 + 6. Determine o(4).
-2
Suppose -105*r = -61*r + 18 - 194. Let z(a) = a**2 - a + 1. Let i(n) = -4*n**2 + n. Let f(s) = -i(s) - 6*z(s). Give f(r).
-18
Let c(o) = o**2 + o - 6. Let u be (8 + -2)/6 + 3. Suppose 4*r + 8 = 3*j, j - 8*r - u = -6*r. What is c(j)?
-6
Let d(j) = -459 - 437 + 14*j + 881. What is d(9)?
111
Let r(d) = -d**2 - 3*d - 36. Let t(g) = g**2 + 5*g + 30. Let i(a) = 3*r(a) + 4*t(a). Give i(-8).
-12
Let p(w) = -7*w**3 - w**2 - w + 35. Let c(k) = -8*k**3 - k**2 - k + 39. Let h(l) = -6*c(l) + 7*p(l). Let v = -4 - -4. Determine h(v).
11
Let p(r) = r**3 - 40*r**2 - 333*r + 183. Let y be p(47). Let g(u) = 12*u - 10. Give g(y).
-70
Suppose 4*h = -5*n + 90, -8*n = -h - 4*n + 12. Suppose -4*p = -h*p - 128. Let k(w) = -w**2 - 7*w + 6. Give k(p).
-2
Let p(h) = 6*h + 47 + 31*h + 15*h - 53*h. What is p(-11)?
58
Let a(c) = -6*c + 1. Let p = -64 - -43. Let z = p + 16. Let x = -7 - z. Calculate a(x).
13
Let j(y) = -y**3 + 5*y**2 + 2*y + 2. Suppose -3*d - 111*k + 107*k + 80 = 0, -4*k = 2*d - 52. Suppose -o + 3*b - 11 = 0, -5*b + 5 + d = 2*o. What is j(o)?
26
Suppose -28*r = -26*r - 4. Let l(a) = -16*a + 9*a - 6*a**r + 5*a**2 - 4. Suppose 0*t + t = -5*v - 21, 3*v + 27 = 3*t. What is l(v)?
6
Let p(b) = -43*b**2 + 23*b + 68. Let h(g) = 7*g**2 - g - 2. Let i(c) = -6*h(c) - p(c). What is i(18)?
-38
Let b be 210/(-36) - (-15)/18. Let d(m) = 8 - m - 3 + 3*m + 0*m. What is d(b)?
-5
Let u(g) = g**3 - 12*g**2 + 24*g - 14. Let l be (10 + 20 + -12 - 4) + -4. Give u(l).
26
Let u be -6 - ((-30)/(-18)*6 - 7). Let v(y) = 2*y**3 + 19*y**2 + 8*y - 2. Give v(u).
7
Let b = 2303 + -2290. Let o(s) = -s + 22. What is o(b)?
9
Suppose 0 = 3*u - 111 - 24. Let c = u + -41. Let l(t) = -t**3 + 4*t**2 + 5. Determine l(c).
5
Let u(p) = 6*p**2 - 4*p + 3. Let c be u(1). Suppose 3*w - c*w = 2. Let y(o) = -o - 16*o**2 - 2*o + 3*o. Give y(w).
-16
Let k(c) = -27*c + 2. Let f(o) = -13*o + 1. Let g(r) = -5*f(r) + 2*k(r). Suppose -15258*q + 15298*q + 12 = -28. Determine g(q).
-12
Let z(t) be the third derivative of -t**4/6 - 10*t**3/3 - 82473*t**2. Let l = 10 - 17. Give z(l).
8
Let g be (-104)/(-20) + 2/(-10). Suppose -g*m + 3*m = -4. Let x(j) = m - 2 + 37*j**2 - 1 - 31*j**2. What is x(-1)?
5
Let u be (1 - (-5 - -7))/1. Let o(r) = 73*r**2 - 3*r - 8. Let i(l) = 110*l**2 - 5*l - 13. Let k(f) = -5*i(f) + 8*o(f). What is k(u)?
34
Let w(b) be the second derivative of b**5/20 + b**4/3 + b**3 + b**2 - 174*b. Give w(-3).
-7
Let m(s) = 8*s**2 - 8*s - 4. Let y(i) = -7*i**2 + 10*i + 7. Let v(a) = 3*m(a) + 2*y(a). Give v(2).
34
Suppose u - 3*n - 10 = 0, -7 = n - 4. Suppose 6*j = 2 + 10. Let a(m) = 76*m**2 - m + 2*m - 72*m**j. Give a(u).
5
Let c be -9 + 24 - (20/(-8))/((-4)/8). Let f(u) = -u + 4. Calculate f(c).
-6
Let p(x) = 2*x - 130. Let s = 10957 - 10894. What is p(s)?
-4
Let q(a) be the first derivative of -a**4/4 + 21*a**3 + 66*a**2 - 126*a - 4093. Calculate q(65).
4
Let d(j) = j**2 + 3*j - 3. Suppose -81 - 164 = -113*p - 19. Determine d(p).
7
Let t(n) be the second derivative of -n**6/360 - n**5/40 + 7*n**4/24 - 109*n**3/6 + 80*n + 1. Let q(k) be the second derivative of t(k). What is q(-6)?
-11
Suppose -l + 14 = -3*i, -3*l + 24*i - 28*i + 68 = 0. Suppose -8*g - 4 = l. Let x(p) = -p**2. Give x(g).
-9
Let g(a) = a**2 + 3*a - 4. Let w be (-1004)/6*(117/6)/13. Let k = -246 - w. What is g(k)?
36
Let i(b) = -3*b**3 + 13*b**2 - 61*b + 13. Let l(j) = j**3 - 4*j**2 + 22*j - 4. Let c(m) = 3*i(m) + 8*l(m). What is c(5)?
22
Let t(r) = -13*r - 102. Suppose 3 + 332 = -49*f - 57. What is t(f)?
2
Let b(q) = 2*q + 2. Let m = 804 - 667. Suppose -17*j + 52 - m = 0. Give b(j).
-8
Let y(l) = -l**3 + 440*l**2 + 2680*l + 18. Let v be y(-6). Let d(j) = -8*j**2 - 19*j + 5. Calculate d(v).
-169
Let n(i) = i**3 + i**2 + 11*i - 8. Let l(o) be the second derivative of o**3/3 - o**2/2 - 67*o. Let f(q) = 6*l(q) - n(q). What is f(-2)?
4
Let p(r) = -r**2 - r. Let b(u) = 2*u**2 + 7*u - 2. Let n(f) = b(f) + 4*p(f). Let q(m) = m**3 + 8*